{"id":874,"date":"2018-07-07T20:10:27","date_gmt":"2018-07-07T18:10:27","guid":{"rendered":"http:\/\/wp.kristdemokraterna.se\/ydre\/?page_id=874"},"modified":"2018-07-07T20:11:43","modified_gmt":"2018-07-07T18:11:43","slug":"2017-11-16-o-gamla-klang-och-jubeltid","status":"publish","type":"page","link":"https:\/\/wp.kristdemokraterna.se\/ydre\/2017-11-16-o-gamla-klang-och-jubeltid\/","title":{"rendered":"2017-11-16 O, gamla klang- och jubeltid!"},"content":{"rendered":"<p>&#8221;Ditt minne skall f\u00f6rbliva&#8221; heter det. Men hur f\u00f6rblivande \u00e4r minnen? Nyligen (den 7 november) intr\u00e4ffade hundra\u00e5rsdagen av Oktoberrevolutionen i Ryssland (enligt den ryska kalendern var det fortfarande oktober).<br \/>\nF\u00f6rr i tiden firades \u00e5rsdagen av h\u00e4ndelsen med\u00a0<a href=\"https:\/\/cdn3.img.sputniknews.com\/images\/103549\/01\/1035490159.jpg\" target=\"_blank\" rel=\"noopener\"><b>stora parader p\u00e5 R\u00f6da torget i Moskva<\/b><\/a>. (Bilden visar det sista stora firandet. Ett \u00e5r senare var kommunistpartiet f\u00f6rbjudet i Sovjetunionen som dessutom h\u00f6ll p\u00e5 att falla s\u00f6nder.)<br \/>\nFinns det n\u00e5gra i dag som tycker att Oktoberrevolutionen \u00e4r v\u00e4rd att fira. Jo, det g\u00f6r det. P\u00e5 hundra\u00e5rsdagen inneh\u00f6ll en av rikstidningarna som ledande kulturartikel en recension av en ny roman. Boken sades skildra revolutionen och dess ledare Lenin p\u00e5 ett sympatiskt s\u00e4tt. Recesenten h\u00e4vdade att h\u00e4ndelserna inte var en kupp utan &#8221;en allm\u00e4n folkresning&#8221;.<\/p>\n<p><img loading=\"lazy\" decoding=\"async\" src=\"http:\/\/ydrebo.se\/kd\/veckobrev2017\/afton.JPG\" width=\"600\" height=\"462\" border=\"0\" \/><br \/>\n<i>November i Ydre &#8211; utan milit\u00e4rparader&#8230;<\/i><\/p>\n<p>Men det\u00a0<i>var<\/i>\u00a0en kupp utf\u00f6rd av soldater. N\u00e5gon allm\u00e4n folkresning var det inte. Och inte ville Lenin b\u00f6ja sig f\u00f6r folket. Hans parti f\u00f6rlorade valet n\u00e5gra veckor senare. S\u00e5 han l\u00e4t soldater uppl\u00f6sa det nyvalda parlamentet. F\u00f6rst efter ett l\u00e5ngt och grymt inb\u00f6rdeskrig fick kommunisterna kontroll \u00f6ver landet. Forts\u00e4ttningen blev v\u00e4rre. Ingen ideologi i historien har kr\u00e4vt s\u00e5 m\u00e5nga m\u00e4nniskoliv som kommunismen.<br \/>\nS\u00e5 vad finns det att fira?<\/p>\n<p><i>Bengt Malm, ordf.<br \/>\n16 november<\/i><\/p>\n","protected":false},"excerpt":{"rendered":"<p>&#8221;Ditt minne skall f\u00f6rbliva&#8221; heter det. Men hur f\u00f6rblivande \u00e4r minnen? Nyligen (den 7 november) intr\u00e4ffade hundra\u00e5rsdagen av Oktoberrevolutionen i Ryssland (enligt den ryska kalendern var det fortfarande oktober). F\u00f6rr i tiden firades \u00e5rsdagen av h\u00e4ndelsen med\u00a0stora parader p\u00e5 R\u00f6da torget i Moskva. (Bilden visar det sista stora firandet. Ett \u00e5r senare var kommunistpartiet f\u00f6rbjudet <a class=\"read-more-link\" href=\"https:\/\/wp.kristdemokraterna.se\/ydre\/2017-11-16-o-gamla-klang-och-jubeltid\/\">L\u00e4s mer<\/a><\/p>\n","protected":false},"author":793,"featured_media":0,"parent":0,"menu_order":0,"comment_status":"closed","ping_status":"closed","template":"","meta":{"_acf_changed":false,"footnotes":""},"class_list":["post-874","page","type-page","status-publish","hentry"],"acf":[],"yoast_head":"<!-- This site is optimized with the Yoast SEO plugin v27.5 - https:\/\/yoast.com\/product\/yoast-seo-wordpress\/ -->\n<title>2017-11-16 O, gamla klang- och jubeltid! - Kristdemokraterna i Ydre<\/title>\n<meta name=\"robots\" content=\"index, follow, max-snippet:-1, max-image-preview:large, max-video-preview:-1\" \/>\n<link rel=\"canonical\" href=\"https:\/\/wp.kristdemokraterna.se\/ydre\/2017-11-16-o-gamla-klang-och-jubeltid\/\" \/>\n<meta property=\"og:locale\" content=\"sv_SE\" \/>\n<meta property=\"og:type\" content=\"article\" \/>\n<meta property=\"og:title\" content=\"2017-11-16 O, gamla klang- och jubeltid! - Kristdemokraterna i Ydre\" \/>\n<meta property=\"og:description\" content=\"&#8221;Ditt minne skall f\u00f6rbliva&#8221; heter det. Men hur f\u00f6rblivande \u00e4r minnen? Nyligen (den 7 november) intr\u00e4ffade hundra\u00e5rsdagen av Oktoberrevolutionen i Ryssland (enligt den ryska kalendern var det fortfarande oktober). F\u00f6rr i tiden firades \u00e5rsdagen av h\u00e4ndelsen med\u00a0stora parader p\u00e5 R\u00f6da torget i Moskva. (Bilden visar det sista stora firandet. Ett \u00e5r senare var kommunistpartiet f\u00f6rbjudet L\u00e4s mer\" \/>\n<meta property=\"og:url\" content=\"https:\/\/wp.kristdemokraterna.se\/ydre\/2017-11-16-o-gamla-klang-och-jubeltid\/\" \/>\n<meta property=\"og:site_name\" content=\"Kristdemokraterna i Ydre\" \/>\n<meta property=\"article:modified_time\" content=\"2018-07-07T18:11:43+00:00\" \/>\n<meta property=\"og:image\" content=\"http:\/\/ydrebo.se\/kd\/veckobrev2017\/afton.JPG\" \/>\n<meta name=\"twitter:card\" content=\"summary_large_image\" \/>\n<meta name=\"twitter:label1\" content=\"Ber\u00e4knad l\u00e4stid\" \/>\n\t<meta name=\"twitter:data1\" content=\"1 minut\" \/>\n<script type=\"application\/ld+json\" class=\"yoast-schema-graph\">{\"@context\":\"https:\\\/\\\/schema.org\",\"@graph\":[{\"@type\":\"WebPage\",\"@id\":\"https:\\\/\\\/wp.kristdemokraterna.se\\\/ydre\\\/2017-11-16-o-gamla-klang-och-jubeltid\\\/\",\"url\":\"https:\\\/\\\/wp.kristdemokraterna.se\\\/ydre\\\/2017-11-16-o-gamla-klang-och-jubeltid\\\/\",\"name\":\"2017-11-16 O, gamla klang- och jubeltid! - Kristdemokraterna i Ydre\",\"isPartOf\":{\"@id\":\"https:\\\/\\\/wp.kristdemokraterna.se\\\/ydre\\\/#website\"},\"primaryImageOfPage\":{\"@id\":\"https:\\\/\\\/wp.kristdemokraterna.se\\\/ydre\\\/2017-11-16-o-gamla-klang-och-jubeltid\\\/#primaryimage\"},\"image\":{\"@id\":\"https:\\\/\\\/wp.kristdemokraterna.se\\\/ydre\\\/2017-11-16-o-gamla-klang-och-jubeltid\\\/#primaryimage\"},\"thumbnailUrl\":\"http:\\\/\\\/ydrebo.se\\\/kd\\\/veckobrev2017\\\/afton.JPG\",\"datePublished\":\"2018-07-07T18:10:27+00:00\",\"dateModified\":\"2018-07-07T18:11:43+00:00\",\"breadcrumb\":{\"@id\":\"https:\\\/\\\/wp.kristdemokraterna.se\\\/ydre\\\/2017-11-16-o-gamla-klang-och-jubeltid\\\/#breadcrumb\"},\"inLanguage\":\"sv-SE\",\"potentialAction\":[{\"@type\":\"ReadAction\",\"target\":[\"https:\\\/\\\/wp.kristdemokraterna.se\\\/ydre\\\/2017-11-16-o-gamla-klang-och-jubeltid\\\/\"]}]},{\"@type\":\"ImageObject\",\"inLanguage\":\"sv-SE\",\"@id\":\"https:\\\/\\\/wp.kristdemokraterna.se\\\/ydre\\\/2017-11-16-o-gamla-klang-och-jubeltid\\\/#primaryimage\",\"url\":\"http:\\\/\\\/ydrebo.se\\\/kd\\\/veckobrev2017\\\/afton.JPG\",\"contentUrl\":\"http:\\\/\\\/ydrebo.se\\\/kd\\\/veckobrev2017\\\/afton.JPG\"},{\"@type\":\"BreadcrumbList\",\"@id\":\"https:\\\/\\\/wp.kristdemokraterna.se\\\/ydre\\\/2017-11-16-o-gamla-klang-och-jubeltid\\\/#breadcrumb\",\"itemListElement\":[{\"@type\":\"ListItem\",\"position\":1,\"name\":\"Hem\",\"item\":\"https:\\\/\\\/wp.kristdemokraterna.se\\\/ydre\\\/\"},{\"@type\":\"ListItem\",\"position\":2,\"name\":\"2017-11-16 O, gamla klang- och jubeltid!\"}]},{\"@type\":\"WebSite\",\"@id\":\"https:\\\/\\\/wp.kristdemokraterna.se\\\/ydre\\\/#website\",\"url\":\"https:\\\/\\\/wp.kristdemokraterna.se\\\/ydre\\\/\",\"name\":\"Kristdemokraterna i Ydre\",\"description\":\"En till Kristdemokraterna webbplats\",\"inLanguage\":\"sv-SE\"}]}<\/script>\n<!-- \/ Yoast SEO plugin. -->","yoast_head_json":{"title":"2017-11-16 O, gamla klang- och jubeltid! - Kristdemokraterna i Ydre","robots":{"index":"index","follow":"follow","max-snippet":"max-snippet:-1","max-image-preview":"max-image-preview:large","max-video-preview":"max-video-preview:-1"},"canonical":"https:\/\/wp.kristdemokraterna.se\/ydre\/2017-11-16-o-gamla-klang-och-jubeltid\/","og_locale":"sv_SE","og_type":"article","og_title":"2017-11-16 O, gamla klang- och jubeltid! - Kristdemokraterna i Ydre","og_description":"&#8221;Ditt minne skall f\u00f6rbliva&#8221; heter det. Men hur f\u00f6rblivande \u00e4r minnen? Nyligen (den 7 november) intr\u00e4ffade hundra\u00e5rsdagen av Oktoberrevolutionen i Ryssland (enligt den ryska kalendern var det fortfarande oktober). F\u00f6rr i tiden firades \u00e5rsdagen av h\u00e4ndelsen med\u00a0stora parader p\u00e5 R\u00f6da torget i Moskva. (Bilden visar det sista stora firandet. Ett \u00e5r senare var kommunistpartiet f\u00f6rbjudet L\u00e4s mer","og_url":"https:\/\/wp.kristdemokraterna.se\/ydre\/2017-11-16-o-gamla-klang-och-jubeltid\/","og_site_name":"Kristdemokraterna i Ydre","article_modified_time":"2018-07-07T18:11:43+00:00","og_image":[{"url":"http:\/\/ydrebo.se\/kd\/veckobrev2017\/afton.JPG","type":"","width":"","height":""}],"twitter_card":"summary_large_image","twitter_misc":{"Ber\u00e4knad l\u00e4stid":"1 minut"},"schema":{"@context":"https:\/\/schema.org","@graph":[{"@type":"WebPage","@id":"https:\/\/wp.kristdemokraterna.se\/ydre\/2017-11-16-o-gamla-klang-och-jubeltid\/","url":"https:\/\/wp.kristdemokraterna.se\/ydre\/2017-11-16-o-gamla-klang-och-jubeltid\/","name":"2017-11-16 O, gamla klang- och jubeltid! - Kristdemokraterna i Ydre","isPartOf":{"@id":"https:\/\/wp.kristdemokraterna.se\/ydre\/#website"},"primaryImageOfPage":{"@id":"https:\/\/wp.kristdemokraterna.se\/ydre\/2017-11-16-o-gamla-klang-och-jubeltid\/#primaryimage"},"image":{"@id":"https:\/\/wp.kristdemokraterna.se\/ydre\/2017-11-16-o-gamla-klang-och-jubeltid\/#primaryimage"},"thumbnailUrl":"http:\/\/ydrebo.se\/kd\/veckobrev2017\/afton.JPG","datePublished":"2018-07-07T18:10:27+00:00","dateModified":"2018-07-07T18:11:43+00:00","breadcrumb":{"@id":"https:\/\/wp.kristdemokraterna.se\/ydre\/2017-11-16-o-gamla-klang-och-jubeltid\/#breadcrumb"},"inLanguage":"sv-SE","potentialAction":[{"@type":"ReadAction","target":["https:\/\/wp.kristdemokraterna.se\/ydre\/2017-11-16-o-gamla-klang-och-jubeltid\/"]}]},{"@type":"ImageObject","inLanguage":"sv-SE","@id":"https:\/\/wp.kristdemokraterna.se\/ydre\/2017-11-16-o-gamla-klang-och-jubeltid\/#primaryimage","url":"http:\/\/ydrebo.se\/kd\/veckobrev2017\/afton.JPG","contentUrl":"http:\/\/ydrebo.se\/kd\/veckobrev2017\/afton.JPG"},{"@type":"BreadcrumbList","@id":"https:\/\/wp.kristdemokraterna.se\/ydre\/2017-11-16-o-gamla-klang-och-jubeltid\/#breadcrumb","itemListElement":[{"@type":"ListItem","position":1,"name":"Hem","item":"https:\/\/wp.kristdemokraterna.se\/ydre\/"},{"@type":"ListItem","position":2,"name":"2017-11-16 O, gamla klang- och jubeltid!"}]},{"@type":"WebSite","@id":"https:\/\/wp.kristdemokraterna.se\/ydre\/#website","url":"https:\/\/wp.kristdemokraterna.se\/ydre\/","name":"Kristdemokraterna i Ydre","description":"En till Kristdemokraterna webbplats","inLanguage":"sv-SE"}]}},"_links":{"self":[{"href":"https:\/\/wp.kristdemokraterna.se\/ydre\/wp-json\/wp\/v2\/pages\/874","targetHints":{"allow":["GET"]}}],"collection":[{"href":"https:\/\/wp.kristdemokraterna.se\/ydre\/wp-json\/wp\/v2\/pages"}],"about":[{"href":"https:\/\/wp.kristdemokraterna.se\/ydre\/wp-json\/wp\/v2\/types\/page"}],"author":[{"embeddable":true,"href":"https:\/\/wp.kristdemokraterna.se\/ydre\/wp-json\/wp\/v2\/users\/793"}],"replies":[{"embeddable":true,"href":"https:\/\/wp.kristdemokraterna.se\/ydre\/wp-json\/wp\/v2\/comments?post=874"}],"version-history":[{"count":3,"href":"https:\/\/wp.kristdemokraterna.se\/ydre\/wp-json\/wp\/v2\/pages\/874\/revisions"}],"predecessor-version":[{"id":877,"href":"https:\/\/wp.kristdemokraterna.se\/ydre\/wp-json\/wp\/v2\/pages\/874\/revisions\/877"}],"wp:attachment":[{"href":"https:\/\/wp.kristdemokraterna.se\/ydre\/wp-json\/wp\/v2\/media?parent=874"}],"curies":[{"name":"wp","href":"https:\/\/api.w.org\/{rel}","templated":true}]}}