{"id":911,"date":"2018-07-20T15:28:56","date_gmt":"2018-07-20T13:28:56","guid":{"rendered":"http:\/\/wp.kristdemokraterna.se\/ydre\/?page_id=911"},"modified":"2018-07-20T15:30:18","modified_gmt":"2018-07-20T13:30:18","slug":"2016-01-13-vem-har-ansvaret-i-en-kommun","status":"publish","type":"page","link":"https:\/\/wp.kristdemokraterna.se\/ydre\/2016-01-13-vem-har-ansvaret-i-en-kommun\/","title":{"rendered":"2016-01-13 Vem har ansvaret i en kommun?"},"content":{"rendered":"<p><img loading=\"lazy\" decoding=\"async\" src=\"http:\/\/ydrebo.se\/kd\/veckobrev\/kronika141105\/ukreda.JPG\" width=\"600\" height=\"450\" \/><br \/>\n<i>H\u00e4r i Ydre finns fler barn \u00e4n p\u00e5 l\u00e4nge. Det \u00e4r gl\u00e4djande &#8211; och ett problem.<\/i><\/p>\n<p>Det sista barnet har g\u00e5tt hem f\u00f6r dagen. De flesta i f\u00f6rskolans personal stannar kvar f\u00f6r att tala med tv\u00e5 politiker som kommit p\u00e5 bes\u00f6k.<br \/>\nDet \u00e4r just nu alldeles lugnt i lokalerna. Men n\u00e4r alla barnen \u00e4r d\u00e4r \u00e4r ljudniv\u00e5n h\u00f6g. F\u00f6r denna f\u00f6rskola \u00e4r \u00f6verfull. Orsaken \u00e4r att det inte p\u00e5 l\u00e4nge funnits s\u00e5 m\u00e5nga barn i \u00d6sterbymo och hela Ydre. Det \u00e4r ju gl\u00e4djande att det finns s\u00e5 m\u00e5nga barn. Men det \u00e4r ocks\u00e5 ett bekymmer.<br \/>\nInte bara lokalerna \u00e4r otillr\u00e4ckliga. Det \u00e4r ocks\u00e5 f\u00f6r mycket att g\u00f6ra f\u00f6r personalen.F\u00f6rskolans medarbetare ber\u00e4ttar om att det finns barn som beh\u00f6ver mycket s\u00e4rskilt st\u00f6d. Det finns ocks\u00e5 allergier att ta h\u00e4nsyn till. Och s\u00e5 r\u00e4cker inte luften till f\u00f6r s\u00e5 m\u00e5nga m\u00e4nniskor i de sm\u00e5 utrymmena.<br \/>\nMen visst \u00e4r det roligt att ha med barnen att g\u00f6ra! En medarbetare har arbetat i n\u00e4ra 40 \u00e5r med barn i v\u00e5r kommun. Det s\u00e4ger ju en hel del.<br \/>\nI den h\u00e4r f\u00f6rskolan \u00e4r man ute mycket med barnen. Det tas v\u00e4l upp av dem som bor i n\u00e4rheten. Men det finns problem. Det finns t.ex. hund\u00e4gare som l\u00e5ter sina \u00e4lsklingar f\u00f6rorena n\u00e4ra de st\u00e4llen d\u00e4r barnen skall vistas.<br \/>\nJag ser mig om i rummet och undrar om det inte blir tr\u00e5ngt vid m\u00e5ltiderna. Jo, det blir det. F\u00f6r personalens skull sitter barnen p\u00e5 h\u00f6ga stolar. Blir det \u00e4nd\u00e5 inte ryggproblem? Jo, det blir det medger barnsk\u00f6tarna.<br \/>\nMen g\u00f6r kommunen vad den skall g\u00f6ra? Vi politiker \u00e4r d\u00e4r f\u00f6r att h\u00f6ra direkt fr\u00e5n dem som arbetar med barnen. Man klagar p\u00e5 att \u00e4renden fastnar i byr\u00e5kratin och man vet inte vem som best\u00e4mmer vad. Nog m\u00e5ste det v\u00e4l vara politikerna som har ansvaret?<br \/>\nKommunstyrelsens ordf\u00f6rande f\u00f6rklarar att politikerna bara anger ramarna f\u00f6r verksamheten och skaffar resurserna. Jag ber\u00e4ttar att det \u00e4r f\u00f6r att ingen skall f\u00e5 best\u00e4mma f\u00f6r mycket som man skilt p\u00e5 politikers och tj\u00e4nstem\u00e4ns uppgifter. Men det finns problem med det ocks\u00e5 till\u00e4gger jag.<br \/>\nEn av barnsk\u00f6tarna inst\u00e4mmer genast i att det blir problem: &#8221;Det \u00e4r ju inte tj\u00e4nstem\u00e4nnen vi viljer.&#8221;<br \/>\nS\u00e5 kommer det fram igen det stora problemet i all offentlig f\u00f6rvaltning. Vem best\u00e4mmer egentligen? \u00c4r det politikerna eller tj\u00e4nstem\u00e4nnen? Ofta s\u00e4ger man att tj\u00e4nstem\u00e4nnen skall f\u00e5 sk\u00f6ta sitt i fred. Dels \u00e4r det de som \u00e4r yrkeskunniga, dels \u00e4r de anst\u00e4llda just f\u00f6r att sk\u00f6ta de uppgifter de f\u00e5tt sig tilldelade.<br \/>\nMen vad g\u00f6r man om det inte fungerar? Om t.ex. utlovade f\u00f6rb\u00e4ttringar bara skjuts upp? Eller om det blir direkt fel? Nyligen fick skolan kritik av skolinspektionen med anledning av hur ett visst elev\u00e4rende hanterats. Ydreskolan m\u00e5ste inf\u00f6ra nya rutiner.<br \/>\nVem har ansvaret i kommunen? I sista hand \u00e4r det \u00e4nd\u00e5 politikerna. Och d\u00e5 m\u00e5ste kommunledningen bli b\u00e4ttre underr\u00e4ttad \u00e4n i dag. Det var ocks\u00e5 en l\u00e4rdom av bes\u00f6ket i denna f\u00f6rskola.<br \/>\nF\u00f6r det \u00e4r ju vi politiker som har ansvaret. Eller hur?<\/p>\n<p><i>Bengt Malm, ordf.<br \/>\n13 januari 2016<\/i><\/p>\n<p>&nbsp;<\/p>\n","protected":false},"excerpt":{"rendered":"<p>H\u00e4r i Ydre finns fler barn \u00e4n p\u00e5 l\u00e4nge. Det \u00e4r gl\u00e4djande &#8211; och ett problem. Det sista barnet har g\u00e5tt hem f\u00f6r dagen. De flesta i f\u00f6rskolans personal stannar kvar f\u00f6r att tala med tv\u00e5 politiker som kommit p\u00e5 bes\u00f6k. Det \u00e4r just nu alldeles lugnt i lokalerna. Men n\u00e4r alla barnen \u00e4r d\u00e4r <a class=\"read-more-link\" href=\"https:\/\/wp.kristdemokraterna.se\/ydre\/2016-01-13-vem-har-ansvaret-i-en-kommun\/\">L\u00e4s mer<\/a><\/p>\n","protected":false},"author":793,"featured_media":0,"parent":0,"menu_order":0,"comment_status":"closed","ping_status":"closed","template":"","meta":{"_acf_changed":false,"footnotes":""},"class_list":["post-911","page","type-page","status-publish","hentry"],"acf":[],"yoast_head":"<!-- This site is optimized with the Yoast SEO plugin v27.5 - https:\/\/yoast.com\/product\/yoast-seo-wordpress\/ -->\n<title>2016-01-13 Vem har ansvaret i en kommun? - Kristdemokraterna i Ydre<\/title>\n<meta name=\"robots\" content=\"index, follow, max-snippet:-1, max-image-preview:large, max-video-preview:-1\" \/>\n<link rel=\"canonical\" href=\"https:\/\/wp.kristdemokraterna.se\/ydre\/2016-01-13-vem-har-ansvaret-i-en-kommun\/\" \/>\n<meta property=\"og:locale\" content=\"sv_SE\" \/>\n<meta property=\"og:type\" content=\"article\" \/>\n<meta property=\"og:title\" content=\"2016-01-13 Vem har ansvaret i en kommun? - Kristdemokraterna i Ydre\" \/>\n<meta property=\"og:description\" content=\"H\u00e4r i Ydre finns fler barn \u00e4n p\u00e5 l\u00e4nge. Det \u00e4r gl\u00e4djande &#8211; och ett problem. Det sista barnet har g\u00e5tt hem f\u00f6r dagen. De flesta i f\u00f6rskolans personal stannar kvar f\u00f6r att tala med tv\u00e5 politiker som kommit p\u00e5 bes\u00f6k. Det \u00e4r just nu alldeles lugnt i lokalerna. Men n\u00e4r alla barnen \u00e4r d\u00e4r L\u00e4s mer\" \/>\n<meta property=\"og:url\" content=\"https:\/\/wp.kristdemokraterna.se\/ydre\/2016-01-13-vem-har-ansvaret-i-en-kommun\/\" \/>\n<meta property=\"og:site_name\" content=\"Kristdemokraterna i Ydre\" \/>\n<meta property=\"article:modified_time\" content=\"2018-07-20T13:30:18+00:00\" \/>\n<meta property=\"og:image\" content=\"http:\/\/ydrebo.se\/kd\/veckobrev\/kronika141105\/ukreda.JPG\" \/>\n<meta name=\"twitter:card\" content=\"summary_large_image\" \/>\n<meta name=\"twitter:label1\" content=\"Ber\u00e4knad l\u00e4stid\" \/>\n\t<meta name=\"twitter:data1\" content=\"3 minuter\" \/>\n<script type=\"application\/ld+json\" class=\"yoast-schema-graph\">{\"@context\":\"https:\\\/\\\/schema.org\",\"@graph\":[{\"@type\":\"WebPage\",\"@id\":\"https:\\\/\\\/wp.kristdemokraterna.se\\\/ydre\\\/2016-01-13-vem-har-ansvaret-i-en-kommun\\\/\",\"url\":\"https:\\\/\\\/wp.kristdemokraterna.se\\\/ydre\\\/2016-01-13-vem-har-ansvaret-i-en-kommun\\\/\",\"name\":\"2016-01-13 Vem har ansvaret i en kommun? - Kristdemokraterna i Ydre\",\"isPartOf\":{\"@id\":\"https:\\\/\\\/wp.kristdemokraterna.se\\\/ydre\\\/#website\"},\"primaryImageOfPage\":{\"@id\":\"https:\\\/\\\/wp.kristdemokraterna.se\\\/ydre\\\/2016-01-13-vem-har-ansvaret-i-en-kommun\\\/#primaryimage\"},\"image\":{\"@id\":\"https:\\\/\\\/wp.kristdemokraterna.se\\\/ydre\\\/2016-01-13-vem-har-ansvaret-i-en-kommun\\\/#primaryimage\"},\"thumbnailUrl\":\"http:\\\/\\\/ydrebo.se\\\/kd\\\/veckobrev\\\/kronika141105\\\/ukreda.JPG\",\"datePublished\":\"2018-07-20T13:28:56+00:00\",\"dateModified\":\"2018-07-20T13:30:18+00:00\",\"breadcrumb\":{\"@id\":\"https:\\\/\\\/wp.kristdemokraterna.se\\\/ydre\\\/2016-01-13-vem-har-ansvaret-i-en-kommun\\\/#breadcrumb\"},\"inLanguage\":\"sv-SE\",\"potentialAction\":[{\"@type\":\"ReadAction\",\"target\":[\"https:\\\/\\\/wp.kristdemokraterna.se\\\/ydre\\\/2016-01-13-vem-har-ansvaret-i-en-kommun\\\/\"]}]},{\"@type\":\"ImageObject\",\"inLanguage\":\"sv-SE\",\"@id\":\"https:\\\/\\\/wp.kristdemokraterna.se\\\/ydre\\\/2016-01-13-vem-har-ansvaret-i-en-kommun\\\/#primaryimage\",\"url\":\"http:\\\/\\\/ydrebo.se\\\/kd\\\/veckobrev\\\/kronika141105\\\/ukreda.JPG\",\"contentUrl\":\"http:\\\/\\\/ydrebo.se\\\/kd\\\/veckobrev\\\/kronika141105\\\/ukreda.JPG\"},{\"@type\":\"BreadcrumbList\",\"@id\":\"https:\\\/\\\/wp.kristdemokraterna.se\\\/ydre\\\/2016-01-13-vem-har-ansvaret-i-en-kommun\\\/#breadcrumb\",\"itemListElement\":[{\"@type\":\"ListItem\",\"position\":1,\"name\":\"Hem\",\"item\":\"https:\\\/\\\/wp.kristdemokraterna.se\\\/ydre\\\/\"},{\"@type\":\"ListItem\",\"position\":2,\"name\":\"2016-01-13 Vem har ansvaret i en kommun?\"}]},{\"@type\":\"WebSite\",\"@id\":\"https:\\\/\\\/wp.kristdemokraterna.se\\\/ydre\\\/#website\",\"url\":\"https:\\\/\\\/wp.kristdemokraterna.se\\\/ydre\\\/\",\"name\":\"Kristdemokraterna i Ydre\",\"description\":\"En till Kristdemokraterna webbplats\",\"inLanguage\":\"sv-SE\"}]}<\/script>\n<!-- \/ Yoast SEO plugin. -->","yoast_head_json":{"title":"2016-01-13 Vem har ansvaret i en kommun? - Kristdemokraterna i Ydre","robots":{"index":"index","follow":"follow","max-snippet":"max-snippet:-1","max-image-preview":"max-image-preview:large","max-video-preview":"max-video-preview:-1"},"canonical":"https:\/\/wp.kristdemokraterna.se\/ydre\/2016-01-13-vem-har-ansvaret-i-en-kommun\/","og_locale":"sv_SE","og_type":"article","og_title":"2016-01-13 Vem har ansvaret i en kommun? - Kristdemokraterna i Ydre","og_description":"H\u00e4r i Ydre finns fler barn \u00e4n p\u00e5 l\u00e4nge. Det \u00e4r gl\u00e4djande &#8211; och ett problem. Det sista barnet har g\u00e5tt hem f\u00f6r dagen. De flesta i f\u00f6rskolans personal stannar kvar f\u00f6r att tala med tv\u00e5 politiker som kommit p\u00e5 bes\u00f6k. Det \u00e4r just nu alldeles lugnt i lokalerna. Men n\u00e4r alla barnen \u00e4r d\u00e4r L\u00e4s mer","og_url":"https:\/\/wp.kristdemokraterna.se\/ydre\/2016-01-13-vem-har-ansvaret-i-en-kommun\/","og_site_name":"Kristdemokraterna i Ydre","article_modified_time":"2018-07-20T13:30:18+00:00","og_image":[{"url":"http:\/\/ydrebo.se\/kd\/veckobrev\/kronika141105\/ukreda.JPG","type":"","width":"","height":""}],"twitter_card":"summary_large_image","twitter_misc":{"Ber\u00e4knad l\u00e4stid":"3 minuter"},"schema":{"@context":"https:\/\/schema.org","@graph":[{"@type":"WebPage","@id":"https:\/\/wp.kristdemokraterna.se\/ydre\/2016-01-13-vem-har-ansvaret-i-en-kommun\/","url":"https:\/\/wp.kristdemokraterna.se\/ydre\/2016-01-13-vem-har-ansvaret-i-en-kommun\/","name":"2016-01-13 Vem har ansvaret i en kommun? - Kristdemokraterna i Ydre","isPartOf":{"@id":"https:\/\/wp.kristdemokraterna.se\/ydre\/#website"},"primaryImageOfPage":{"@id":"https:\/\/wp.kristdemokraterna.se\/ydre\/2016-01-13-vem-har-ansvaret-i-en-kommun\/#primaryimage"},"image":{"@id":"https:\/\/wp.kristdemokraterna.se\/ydre\/2016-01-13-vem-har-ansvaret-i-en-kommun\/#primaryimage"},"thumbnailUrl":"http:\/\/ydrebo.se\/kd\/veckobrev\/kronika141105\/ukreda.JPG","datePublished":"2018-07-20T13:28:56+00:00","dateModified":"2018-07-20T13:30:18+00:00","breadcrumb":{"@id":"https:\/\/wp.kristdemokraterna.se\/ydre\/2016-01-13-vem-har-ansvaret-i-en-kommun\/#breadcrumb"},"inLanguage":"sv-SE","potentialAction":[{"@type":"ReadAction","target":["https:\/\/wp.kristdemokraterna.se\/ydre\/2016-01-13-vem-har-ansvaret-i-en-kommun\/"]}]},{"@type":"ImageObject","inLanguage":"sv-SE","@id":"https:\/\/wp.kristdemokraterna.se\/ydre\/2016-01-13-vem-har-ansvaret-i-en-kommun\/#primaryimage","url":"http:\/\/ydrebo.se\/kd\/veckobrev\/kronika141105\/ukreda.JPG","contentUrl":"http:\/\/ydrebo.se\/kd\/veckobrev\/kronika141105\/ukreda.JPG"},{"@type":"BreadcrumbList","@id":"https:\/\/wp.kristdemokraterna.se\/ydre\/2016-01-13-vem-har-ansvaret-i-en-kommun\/#breadcrumb","itemListElement":[{"@type":"ListItem","position":1,"name":"Hem","item":"https:\/\/wp.kristdemokraterna.se\/ydre\/"},{"@type":"ListItem","position":2,"name":"2016-01-13 Vem har ansvaret i en kommun?"}]},{"@type":"WebSite","@id":"https:\/\/wp.kristdemokraterna.se\/ydre\/#website","url":"https:\/\/wp.kristdemokraterna.se\/ydre\/","name":"Kristdemokraterna i Ydre","description":"En till Kristdemokraterna webbplats","inLanguage":"sv-SE"}]}},"_links":{"self":[{"href":"https:\/\/wp.kristdemokraterna.se\/ydre\/wp-json\/wp\/v2\/pages\/911","targetHints":{"allow":["GET"]}}],"collection":[{"href":"https:\/\/wp.kristdemokraterna.se\/ydre\/wp-json\/wp\/v2\/pages"}],"about":[{"href":"https:\/\/wp.kristdemokraterna.se\/ydre\/wp-json\/wp\/v2\/types\/page"}],"author":[{"embeddable":true,"href":"https:\/\/wp.kristdemokraterna.se\/ydre\/wp-json\/wp\/v2\/users\/793"}],"replies":[{"embeddable":true,"href":"https:\/\/wp.kristdemokraterna.se\/ydre\/wp-json\/wp\/v2\/comments?post=911"}],"version-history":[{"count":3,"href":"https:\/\/wp.kristdemokraterna.se\/ydre\/wp-json\/wp\/v2\/pages\/911\/revisions"}],"predecessor-version":[{"id":914,"href":"https:\/\/wp.kristdemokraterna.se\/ydre\/wp-json\/wp\/v2\/pages\/911\/revisions\/914"}],"wp:attachment":[{"href":"https:\/\/wp.kristdemokraterna.se\/ydre\/wp-json\/wp\/v2\/media?parent=911"}],"curies":[{"name":"wp","href":"https:\/\/api.w.org\/{rel}","templated":true}]}}