{"id":926,"date":"2018-07-20T15:41:35","date_gmt":"2018-07-20T13:41:35","guid":{"rendered":"http:\/\/wp.kristdemokraterna.se\/ydre\/?page_id=926"},"modified":"2018-07-20T15:42:22","modified_gmt":"2018-07-20T13:42:22","slug":"2016-02-04-de-olycksaliga-hemmafruarna","status":"publish","type":"page","link":"https:\/\/wp.kristdemokraterna.se\/ydre\/2016-02-04-de-olycksaliga-hemmafruarna\/","title":{"rendered":"2016-02-04 De olycksaliga hemmafruarna"},"content":{"rendered":"<p>Vid m\u00e5nadsskiftet upph\u00f6rde m\u00f6jligheten att f\u00e5 v\u00e5rdnadsbidrag (i Ydre har s\u00e5dant inte funnits). Somliga \u00e4r oerh\u00f6rt glada \u00f6ver f\u00f6r\u00e4ndringen. Men varf\u00f6r? Varf\u00f6r ses v\u00e5rdnadsbidraget som &#8221;bak\u00e5tstr\u00e4vande&#8221;?<br \/>\nMan tycks ha retat sig p\u00e5 att det finns personer som med eller utan bidrag tar hand om sina barn mer \u00e4n vad som f\u00f6ruts\u00e4tts i f\u00f6r\u00e4ldraf\u00f6rs\u00e4kringen. De som tar hand om sina barn anses inte l\u00e4mpliga att g\u00f6ra det n\u00e5gon l\u00e4ngre tid. Dessa mindre \u00f6nskv\u00e4rda barnuppfostrare s\u00e4gs framf\u00f6r allt finnas bland dem som har en l\u00e5g utbildning s\u00e4rskilt om de dessutom \u00e4r invandrare.<br \/>\nEn f\u00f6ruts\u00e4ttning f\u00f6r att det skall finnas bra f\u00f6rskolor \u00e4r att det finns verkligt m\u00e5nga personer som skulle kunna bli bra barnsk\u00f6tare, f\u00f6rskoll\u00e4rare, l\u00e4rare, idrottsledare, fritidspedagoger, dagbarnv\u00e5rdare osv. Om f\u00f6rm\u00e5gan att handskas med barn vore s\u00e4llsynt skulle vi inte kunna ha n\u00e5gon barnomsorg. Men nu finns denna beg\u00e5vning i alla samh\u00e4llsklasser. Den finns allts\u00e5 \u00e4ven bland dem som just nu har en l\u00e5g utbildning eller som \u00e4r invandrare.<\/p>\n<p><img loading=\"lazy\" decoding=\"async\" src=\"http:\/\/ydrebo.se\/kd\/veckobrev\/skola.JPG\" width=\"400\" height=\"400\" \/><br \/>\n<i>Hur skall vi b\u00e4st ge barnen ett lyft?<\/p>\n<p><\/i>F\u00f6rest\u00e4llningen att det skulle vara skamligt och avskyv\u00e4rt att ta hand om sina egna barn har jag st\u00f6tt p\u00e5 \u00e5tskilliga g\u00e5nger. Men hur kan det d\u00e5 vara en hederlig och ber\u00f6mv\u00e4rd syssla att ta hand om andras barn? Det g\u00e5r inte ihop. Den praktiska konsekvensen \u00e4r att det finns alldeles f\u00f6r f\u00e5 som vill bli f\u00f6rskoll\u00e4rare och l\u00e4rare. Det skulle inte hj\u00e4lpa om vi i Ydre hade aldrig s\u00e5 mycket pengar. Pedagogiskt utbildad f\u00f6rskolepersonal g\u00e5r inte att \u201dk\u00f6pa\u201d f\u00f6r pengar i tillr\u00e4cklig utstr\u00e4ckning. Det l\u00e4r vara likadant i hela Sverige.<br \/>\nF\u00f6ljderna har vi ydrepolitiker sett n\u00e4r vi nyligen bes\u00f6kte alla v\u00e5ra f\u00f6rskolor. Det som h\u00e5ller medarbetarna kvar \u00e4r att de \u00e4lskar barnen. Men \u00f6verallt finns samma risk f\u00f6r yrkessjukdomar, n\u00e4mligen ryggproblem, h\u00f6rselskador, stress och risk f\u00f6r utbr\u00e4ndhet. Av allt att d\u00f6ma \u00e4r Ydre inte alls unikt i detta avseende.<br \/>\nVisst skulle man kunna g\u00f6ra en del lokalf\u00f6rb\u00e4ttringar. Men framf\u00f6r allt \u00e4r vi i ett rent desperat behov av att det finns fler personer som vill utbilda sig f\u00f6r att offra sin fysiska och psykiska h\u00e4lsa f\u00f6r v\u00e5ra barns skull. Annars kan vi i Ydre inte ha kvar v\u00e5rt fina skolsystem som l\u00e4nge h\u00f6rt till de b\u00e4sta i Sverige.<br \/>\nI en liten f\u00f6rskola fr\u00e5gade jag om det fanns n\u00e5got barn som skulle beh\u00f6vt vara i en mindre grupp. \u201dAlla!\u201d blev svaret kort och gott.<br \/>\nVi politiker av alla uppfattningar skulle d\u00e4rf\u00f6r vilja ta hand om ydrebarnen \u00e4nnu b\u00e4ttre. Men som n\u00e4mnts \u00e4r det inte s\u00e5 l\u00e4tt att f\u00e5 fler medarbetare med den \u00f6nskv\u00e4rda pedagogiska utbildningen.<br \/>\nNu tycks det \u00e4nd\u00e5 inte vara f\u00f6rskolornas sv\u00e5righeter som f\u00e5r somliga att ta hand om sina barn eller \u00f6nska att de kunde g\u00f6ra det mer. I st\u00e4llet har jag h\u00f6rt argumentet: \u201dHar jag satt barn till v\u00e4rlden skall jag ocks\u00e5 ta hand om dem.\u201d Det handlar inte om ett tv\u00e5ng lika litet som det f\u00f6r en skribent \u00e4r ett tv\u00e5ng att skriva eller f\u00f6r en musiker att spela. Det \u00e4r i st\u00e4llet ett uttryck f\u00f6r en intensiv l\u00e4ngtan.<br \/>\nHar kritikerna aldrig tr\u00e4ffat n\u00e5gra s.k. hemmafruar eller n\u00e5gra som \u00f6nskat att de kunde vara det \u00e5tminstone p\u00e5 deltid? Vad har de i s\u00e5 fall ber\u00e4ttat om sina motiv? F\u00f6r \u201dhemmafruarna\u201d (eller de som skulle vilja vara det) \u00e4r v\u00e4l inte s\u00e5 motbjudande att de inte g\u00e5r att tala med?<\/p>\n<p><i>Bengt Malm, ordf.<br \/>\n4 februari 2016<\/i><\/p>\n<p>&nbsp;<\/p>\n","protected":false},"excerpt":{"rendered":"<p>Vid m\u00e5nadsskiftet upph\u00f6rde m\u00f6jligheten att f\u00e5 v\u00e5rdnadsbidrag (i Ydre har s\u00e5dant inte funnits). Somliga \u00e4r oerh\u00f6rt glada \u00f6ver f\u00f6r\u00e4ndringen. Men varf\u00f6r? Varf\u00f6r ses v\u00e5rdnadsbidraget som &#8221;bak\u00e5tstr\u00e4vande&#8221;? Man tycks ha retat sig p\u00e5 att det finns personer som med eller utan bidrag tar hand om sina barn mer \u00e4n vad som f\u00f6ruts\u00e4tts i f\u00f6r\u00e4ldraf\u00f6rs\u00e4kringen. De som <a class=\"read-more-link\" href=\"https:\/\/wp.kristdemokraterna.se\/ydre\/2016-02-04-de-olycksaliga-hemmafruarna\/\">L\u00e4s mer<\/a><\/p>\n","protected":false},"author":793,"featured_media":0,"parent":0,"menu_order":0,"comment_status":"closed","ping_status":"closed","template":"","meta":{"_acf_changed":false,"footnotes":""},"class_list":["post-926","page","type-page","status-publish","hentry"],"acf":[],"yoast_head":"<!-- This site is optimized with the Yoast SEO plugin v27.5 - https:\/\/yoast.com\/product\/yoast-seo-wordpress\/ -->\n<title>2016-02-04 De olycksaliga hemmafruarna - Kristdemokraterna i Ydre<\/title>\n<meta name=\"robots\" content=\"index, follow, max-snippet:-1, max-image-preview:large, max-video-preview:-1\" \/>\n<link rel=\"canonical\" href=\"https:\/\/wp.kristdemokraterna.se\/ydre\/2016-02-04-de-olycksaliga-hemmafruarna\/\" \/>\n<meta property=\"og:locale\" content=\"sv_SE\" \/>\n<meta property=\"og:type\" content=\"article\" \/>\n<meta property=\"og:title\" content=\"2016-02-04 De olycksaliga hemmafruarna - Kristdemokraterna i Ydre\" \/>\n<meta property=\"og:description\" content=\"Vid m\u00e5nadsskiftet upph\u00f6rde m\u00f6jligheten att f\u00e5 v\u00e5rdnadsbidrag (i Ydre har s\u00e5dant inte funnits). Somliga \u00e4r oerh\u00f6rt glada \u00f6ver f\u00f6r\u00e4ndringen. Men varf\u00f6r? Varf\u00f6r ses v\u00e5rdnadsbidraget som &#8221;bak\u00e5tstr\u00e4vande&#8221;? Man tycks ha retat sig p\u00e5 att det finns personer som med eller utan bidrag tar hand om sina barn mer \u00e4n vad som f\u00f6ruts\u00e4tts i f\u00f6r\u00e4ldraf\u00f6rs\u00e4kringen. De som L\u00e4s mer\" \/>\n<meta property=\"og:url\" content=\"https:\/\/wp.kristdemokraterna.se\/ydre\/2016-02-04-de-olycksaliga-hemmafruarna\/\" \/>\n<meta property=\"og:site_name\" content=\"Kristdemokraterna i Ydre\" \/>\n<meta property=\"article:modified_time\" content=\"2018-07-20T13:42:22+00:00\" \/>\n<meta property=\"og:image\" content=\"http:\/\/ydrebo.se\/kd\/veckobrev\/skola.JPG\" \/>\n<meta name=\"twitter:card\" content=\"summary_large_image\" \/>\n<meta name=\"twitter:label1\" content=\"Ber\u00e4knad l\u00e4stid\" \/>\n\t<meta name=\"twitter:data1\" content=\"3 minuter\" \/>\n<script type=\"application\/ld+json\" class=\"yoast-schema-graph\">{\"@context\":\"https:\\\/\\\/schema.org\",\"@graph\":[{\"@type\":\"WebPage\",\"@id\":\"https:\\\/\\\/wp.kristdemokraterna.se\\\/ydre\\\/2016-02-04-de-olycksaliga-hemmafruarna\\\/\",\"url\":\"https:\\\/\\\/wp.kristdemokraterna.se\\\/ydre\\\/2016-02-04-de-olycksaliga-hemmafruarna\\\/\",\"name\":\"2016-02-04 De olycksaliga hemmafruarna - Kristdemokraterna i Ydre\",\"isPartOf\":{\"@id\":\"https:\\\/\\\/wp.kristdemokraterna.se\\\/ydre\\\/#website\"},\"primaryImageOfPage\":{\"@id\":\"https:\\\/\\\/wp.kristdemokraterna.se\\\/ydre\\\/2016-02-04-de-olycksaliga-hemmafruarna\\\/#primaryimage\"},\"image\":{\"@id\":\"https:\\\/\\\/wp.kristdemokraterna.se\\\/ydre\\\/2016-02-04-de-olycksaliga-hemmafruarna\\\/#primaryimage\"},\"thumbnailUrl\":\"http:\\\/\\\/ydrebo.se\\\/kd\\\/veckobrev\\\/skola.JPG\",\"datePublished\":\"2018-07-20T13:41:35+00:00\",\"dateModified\":\"2018-07-20T13:42:22+00:00\",\"breadcrumb\":{\"@id\":\"https:\\\/\\\/wp.kristdemokraterna.se\\\/ydre\\\/2016-02-04-de-olycksaliga-hemmafruarna\\\/#breadcrumb\"},\"inLanguage\":\"sv-SE\",\"potentialAction\":[{\"@type\":\"ReadAction\",\"target\":[\"https:\\\/\\\/wp.kristdemokraterna.se\\\/ydre\\\/2016-02-04-de-olycksaliga-hemmafruarna\\\/\"]}]},{\"@type\":\"ImageObject\",\"inLanguage\":\"sv-SE\",\"@id\":\"https:\\\/\\\/wp.kristdemokraterna.se\\\/ydre\\\/2016-02-04-de-olycksaliga-hemmafruarna\\\/#primaryimage\",\"url\":\"http:\\\/\\\/ydrebo.se\\\/kd\\\/veckobrev\\\/skola.JPG\",\"contentUrl\":\"http:\\\/\\\/ydrebo.se\\\/kd\\\/veckobrev\\\/skola.JPG\"},{\"@type\":\"BreadcrumbList\",\"@id\":\"https:\\\/\\\/wp.kristdemokraterna.se\\\/ydre\\\/2016-02-04-de-olycksaliga-hemmafruarna\\\/#breadcrumb\",\"itemListElement\":[{\"@type\":\"ListItem\",\"position\":1,\"name\":\"Hem\",\"item\":\"https:\\\/\\\/wp.kristdemokraterna.se\\\/ydre\\\/\"},{\"@type\":\"ListItem\",\"position\":2,\"name\":\"2016-02-04 De olycksaliga hemmafruarna\"}]},{\"@type\":\"WebSite\",\"@id\":\"https:\\\/\\\/wp.kristdemokraterna.se\\\/ydre\\\/#website\",\"url\":\"https:\\\/\\\/wp.kristdemokraterna.se\\\/ydre\\\/\",\"name\":\"Kristdemokraterna i Ydre\",\"description\":\"En till Kristdemokraterna webbplats\",\"inLanguage\":\"sv-SE\"}]}<\/script>\n<!-- \/ Yoast SEO plugin. -->","yoast_head_json":{"title":"2016-02-04 De olycksaliga hemmafruarna - Kristdemokraterna i Ydre","robots":{"index":"index","follow":"follow","max-snippet":"max-snippet:-1","max-image-preview":"max-image-preview:large","max-video-preview":"max-video-preview:-1"},"canonical":"https:\/\/wp.kristdemokraterna.se\/ydre\/2016-02-04-de-olycksaliga-hemmafruarna\/","og_locale":"sv_SE","og_type":"article","og_title":"2016-02-04 De olycksaliga hemmafruarna - Kristdemokraterna i Ydre","og_description":"Vid m\u00e5nadsskiftet upph\u00f6rde m\u00f6jligheten att f\u00e5 v\u00e5rdnadsbidrag (i Ydre har s\u00e5dant inte funnits). Somliga \u00e4r oerh\u00f6rt glada \u00f6ver f\u00f6r\u00e4ndringen. Men varf\u00f6r? Varf\u00f6r ses v\u00e5rdnadsbidraget som &#8221;bak\u00e5tstr\u00e4vande&#8221;? Man tycks ha retat sig p\u00e5 att det finns personer som med eller utan bidrag tar hand om sina barn mer \u00e4n vad som f\u00f6ruts\u00e4tts i f\u00f6r\u00e4ldraf\u00f6rs\u00e4kringen. De som L\u00e4s mer","og_url":"https:\/\/wp.kristdemokraterna.se\/ydre\/2016-02-04-de-olycksaliga-hemmafruarna\/","og_site_name":"Kristdemokraterna i Ydre","article_modified_time":"2018-07-20T13:42:22+00:00","og_image":[{"url":"http:\/\/ydrebo.se\/kd\/veckobrev\/skola.JPG","type":"","width":"","height":""}],"twitter_card":"summary_large_image","twitter_misc":{"Ber\u00e4knad l\u00e4stid":"3 minuter"},"schema":{"@context":"https:\/\/schema.org","@graph":[{"@type":"WebPage","@id":"https:\/\/wp.kristdemokraterna.se\/ydre\/2016-02-04-de-olycksaliga-hemmafruarna\/","url":"https:\/\/wp.kristdemokraterna.se\/ydre\/2016-02-04-de-olycksaliga-hemmafruarna\/","name":"2016-02-04 De olycksaliga hemmafruarna - Kristdemokraterna i Ydre","isPartOf":{"@id":"https:\/\/wp.kristdemokraterna.se\/ydre\/#website"},"primaryImageOfPage":{"@id":"https:\/\/wp.kristdemokraterna.se\/ydre\/2016-02-04-de-olycksaliga-hemmafruarna\/#primaryimage"},"image":{"@id":"https:\/\/wp.kristdemokraterna.se\/ydre\/2016-02-04-de-olycksaliga-hemmafruarna\/#primaryimage"},"thumbnailUrl":"http:\/\/ydrebo.se\/kd\/veckobrev\/skola.JPG","datePublished":"2018-07-20T13:41:35+00:00","dateModified":"2018-07-20T13:42:22+00:00","breadcrumb":{"@id":"https:\/\/wp.kristdemokraterna.se\/ydre\/2016-02-04-de-olycksaliga-hemmafruarna\/#breadcrumb"},"inLanguage":"sv-SE","potentialAction":[{"@type":"ReadAction","target":["https:\/\/wp.kristdemokraterna.se\/ydre\/2016-02-04-de-olycksaliga-hemmafruarna\/"]}]},{"@type":"ImageObject","inLanguage":"sv-SE","@id":"https:\/\/wp.kristdemokraterna.se\/ydre\/2016-02-04-de-olycksaliga-hemmafruarna\/#primaryimage","url":"http:\/\/ydrebo.se\/kd\/veckobrev\/skola.JPG","contentUrl":"http:\/\/ydrebo.se\/kd\/veckobrev\/skola.JPG"},{"@type":"BreadcrumbList","@id":"https:\/\/wp.kristdemokraterna.se\/ydre\/2016-02-04-de-olycksaliga-hemmafruarna\/#breadcrumb","itemListElement":[{"@type":"ListItem","position":1,"name":"Hem","item":"https:\/\/wp.kristdemokraterna.se\/ydre\/"},{"@type":"ListItem","position":2,"name":"2016-02-04 De olycksaliga hemmafruarna"}]},{"@type":"WebSite","@id":"https:\/\/wp.kristdemokraterna.se\/ydre\/#website","url":"https:\/\/wp.kristdemokraterna.se\/ydre\/","name":"Kristdemokraterna i Ydre","description":"En till Kristdemokraterna webbplats","inLanguage":"sv-SE"}]}},"_links":{"self":[{"href":"https:\/\/wp.kristdemokraterna.se\/ydre\/wp-json\/wp\/v2\/pages\/926","targetHints":{"allow":["GET"]}}],"collection":[{"href":"https:\/\/wp.kristdemokraterna.se\/ydre\/wp-json\/wp\/v2\/pages"}],"about":[{"href":"https:\/\/wp.kristdemokraterna.se\/ydre\/wp-json\/wp\/v2\/types\/page"}],"author":[{"embeddable":true,"href":"https:\/\/wp.kristdemokraterna.se\/ydre\/wp-json\/wp\/v2\/users\/793"}],"replies":[{"embeddable":true,"href":"https:\/\/wp.kristdemokraterna.se\/ydre\/wp-json\/wp\/v2\/comments?post=926"}],"version-history":[{"count":2,"href":"https:\/\/wp.kristdemokraterna.se\/ydre\/wp-json\/wp\/v2\/pages\/926\/revisions"}],"predecessor-version":[{"id":928,"href":"https:\/\/wp.kristdemokraterna.se\/ydre\/wp-json\/wp\/v2\/pages\/926\/revisions\/928"}],"wp:attachment":[{"href":"https:\/\/wp.kristdemokraterna.se\/ydre\/wp-json\/wp\/v2\/media?parent=926"}],"curies":[{"name":"wp","href":"https:\/\/api.w.org\/{rel}","templated":true}]}}