{"id":958,"date":"2018-07-20T16:04:16","date_gmt":"2018-07-20T14:04:16","guid":{"rendered":"http:\/\/wp.kristdemokraterna.se\/ydre\/?page_id=958"},"modified":"2018-07-20T16:05:13","modified_gmt":"2018-07-20T14:05:13","slug":"2016-03-30-nar-poliserna-kommer-gar-de-forbi","status":"publish","type":"page","link":"https:\/\/wp.kristdemokraterna.se\/ydre\/2016-03-30-nar-poliserna-kommer-gar-de-forbi\/","title":{"rendered":"2016-03-30 N\u00e4r poliserna kommer g\u00e5r de f\u00f6rbi"},"content":{"rendered":"<p>&#8221;N\u00e4r poliserna kommer g\u00e5r de f\u00f6rbi de skadade.&#8221; Den bitr\u00e4dande rektorn p\u00e5minde de n\u00e4rvarande om de g\u00e4llande rutinerna vid en terrorattack mot ett fritidshem.<br \/>\nDessa rutiner hade redan best\u00e4mts innan en sv\u00e4rdbev\u00e4pnad man tog sig in p\u00e5 en skola i Trollh\u00e4ttan och d\u00f6dade och skadade flera personer innan han sk\u00f6ts ihj\u00e4l av poliser. Det \u00e4r allts\u00e5 polisernas uppgift att stoppa terroristen innan han hinner skada fler. Att ta hand om de redan skadade \u00e4r ambulanspersonalens sak.<\/p>\n<p><img loading=\"lazy\" decoding=\"async\" src=\"http:\/\/ydrebo.se\/kd\/veckobrev2016\/fritidshem.JPG\" width=\"600\" height=\"461\" \/><br \/>\n<i>T\u00e4nk om alla fritidshem kunde ligga s\u00e5 h\u00e4r n\u00e4ra naturen!<\/i><\/p>\n<p>Det var en arbetsplatstr\u00e4ff vi var med p\u00e5. D\u00e4r var ett tiotal medarbetare fr\u00e5n de fem fritidshemmen i Ydre (tv\u00e5 i \u00d6sterbymo och ett var i de andra t\u00e4toreterna). Dessutom var fyra politiker med (inklusive kommunstyrelsens ordf\u00f6rande).<br \/>\nDet fanns naturligtvis ocks\u00e5 andra \u00e4renden som g\u00e4llde de 150 barnen i \u00e5ldrarna 6-12 \u00e5r. P\u00e5 det hela taget g\u00e5r det bra \u00e4ven om det ibland h\u00e4nder sm\u00e5 incidenter. Vi p\u00e5mindes om att fritidshemmen \u00e4r en del av skolans verksamhet \u00e4ven om den \u00e4r frivillig.<br \/>\nDet betyder v\u00e4ldigt mycket att det \u00e4r n\u00e4ra till skog. Vad som d\u00e4remot \u00e4r ett bekymer \u00e4r att det \u00e4r s\u00e5 sv\u00e5rt att f\u00e5 tag i utbildade fritidspedagoger. I Ydre har vi bara en eller tv\u00e5. Det \u00e4r inte bra. Som en medarbetare uttryckte det:<\/p>\n<p><b>Det \u00e4r ju v\u00e5ra barn det g\u00e4ller.<\/p>\n<p><\/b><i>Bengt Malm, ordf.<br \/>\n30 mars 2016<\/i><\/p>\n<p><img loading=\"lazy\" decoding=\"async\" src=\"http:\/\/ydrebo.se\/kd\/veckobrev2016\/tallskog.jpg\" width=\"600\" height=\"450\" \/><br \/>\n<i>L\u00e4ngre in i skogen (foto: Barbro Malm).<\/i><\/p>\n","protected":false},"excerpt":{"rendered":"<p>&#8221;N\u00e4r poliserna kommer g\u00e5r de f\u00f6rbi de skadade.&#8221; Den bitr\u00e4dande rektorn p\u00e5minde de n\u00e4rvarande om de g\u00e4llande rutinerna vid en terrorattack mot ett fritidshem. Dessa rutiner hade redan best\u00e4mts innan en sv\u00e4rdbev\u00e4pnad man tog sig in p\u00e5 en skola i Trollh\u00e4ttan och d\u00f6dade och skadade flera personer innan han sk\u00f6ts ihj\u00e4l av poliser. Det \u00e4r <a class=\"read-more-link\" href=\"https:\/\/wp.kristdemokraterna.se\/ydre\/2016-03-30-nar-poliserna-kommer-gar-de-forbi\/\">L\u00e4s mer<\/a><\/p>\n","protected":false},"author":793,"featured_media":0,"parent":0,"menu_order":0,"comment_status":"closed","ping_status":"closed","template":"","meta":{"_acf_changed":false,"footnotes":""},"class_list":["post-958","page","type-page","status-publish","hentry"],"acf":[],"yoast_head":"<!-- This site is optimized with the Yoast SEO plugin v27.5 - https:\/\/yoast.com\/product\/yoast-seo-wordpress\/ -->\n<title>2016-03-30 N\u00e4r poliserna kommer g\u00e5r de f\u00f6rbi - Kristdemokraterna i Ydre<\/title>\n<meta name=\"robots\" content=\"index, follow, max-snippet:-1, max-image-preview:large, max-video-preview:-1\" \/>\n<link rel=\"canonical\" href=\"https:\/\/wp.kristdemokraterna.se\/ydre\/2016-03-30-nar-poliserna-kommer-gar-de-forbi\/\" \/>\n<meta property=\"og:locale\" content=\"sv_SE\" \/>\n<meta property=\"og:type\" content=\"article\" \/>\n<meta property=\"og:title\" content=\"2016-03-30 N\u00e4r poliserna kommer g\u00e5r de f\u00f6rbi - Kristdemokraterna i Ydre\" \/>\n<meta property=\"og:description\" content=\"&#8221;N\u00e4r poliserna kommer g\u00e5r de f\u00f6rbi de skadade.&#8221; Den bitr\u00e4dande rektorn p\u00e5minde de n\u00e4rvarande om de g\u00e4llande rutinerna vid en terrorattack mot ett fritidshem. Dessa rutiner hade redan best\u00e4mts innan en sv\u00e4rdbev\u00e4pnad man tog sig in p\u00e5 en skola i Trollh\u00e4ttan och d\u00f6dade och skadade flera personer innan han sk\u00f6ts ihj\u00e4l av poliser. Det \u00e4r L\u00e4s mer\" \/>\n<meta property=\"og:url\" content=\"https:\/\/wp.kristdemokraterna.se\/ydre\/2016-03-30-nar-poliserna-kommer-gar-de-forbi\/\" \/>\n<meta property=\"og:site_name\" content=\"Kristdemokraterna i Ydre\" \/>\n<meta property=\"article:modified_time\" content=\"2018-07-20T14:05:13+00:00\" \/>\n<meta property=\"og:image\" content=\"http:\/\/ydrebo.se\/kd\/veckobrev2016\/fritidshem.JPG\" \/>\n<meta name=\"twitter:card\" content=\"summary_large_image\" \/>\n<meta name=\"twitter:label1\" content=\"Ber\u00e4knad l\u00e4stid\" \/>\n\t<meta name=\"twitter:data1\" content=\"1 minut\" \/>\n<script type=\"application\/ld+json\" class=\"yoast-schema-graph\">{\"@context\":\"https:\\\/\\\/schema.org\",\"@graph\":[{\"@type\":\"WebPage\",\"@id\":\"https:\\\/\\\/wp.kristdemokraterna.se\\\/ydre\\\/2016-03-30-nar-poliserna-kommer-gar-de-forbi\\\/\",\"url\":\"https:\\\/\\\/wp.kristdemokraterna.se\\\/ydre\\\/2016-03-30-nar-poliserna-kommer-gar-de-forbi\\\/\",\"name\":\"2016-03-30 N\u00e4r poliserna kommer g\u00e5r de f\u00f6rbi - Kristdemokraterna i Ydre\",\"isPartOf\":{\"@id\":\"https:\\\/\\\/wp.kristdemokraterna.se\\\/ydre\\\/#website\"},\"primaryImageOfPage\":{\"@id\":\"https:\\\/\\\/wp.kristdemokraterna.se\\\/ydre\\\/2016-03-30-nar-poliserna-kommer-gar-de-forbi\\\/#primaryimage\"},\"image\":{\"@id\":\"https:\\\/\\\/wp.kristdemokraterna.se\\\/ydre\\\/2016-03-30-nar-poliserna-kommer-gar-de-forbi\\\/#primaryimage\"},\"thumbnailUrl\":\"http:\\\/\\\/ydrebo.se\\\/kd\\\/veckobrev2016\\\/fritidshem.JPG\",\"datePublished\":\"2018-07-20T14:04:16+00:00\",\"dateModified\":\"2018-07-20T14:05:13+00:00\",\"breadcrumb\":{\"@id\":\"https:\\\/\\\/wp.kristdemokraterna.se\\\/ydre\\\/2016-03-30-nar-poliserna-kommer-gar-de-forbi\\\/#breadcrumb\"},\"inLanguage\":\"sv-SE\",\"potentialAction\":[{\"@type\":\"ReadAction\",\"target\":[\"https:\\\/\\\/wp.kristdemokraterna.se\\\/ydre\\\/2016-03-30-nar-poliserna-kommer-gar-de-forbi\\\/\"]}]},{\"@type\":\"ImageObject\",\"inLanguage\":\"sv-SE\",\"@id\":\"https:\\\/\\\/wp.kristdemokraterna.se\\\/ydre\\\/2016-03-30-nar-poliserna-kommer-gar-de-forbi\\\/#primaryimage\",\"url\":\"http:\\\/\\\/ydrebo.se\\\/kd\\\/veckobrev2016\\\/fritidshem.JPG\",\"contentUrl\":\"http:\\\/\\\/ydrebo.se\\\/kd\\\/veckobrev2016\\\/fritidshem.JPG\"},{\"@type\":\"BreadcrumbList\",\"@id\":\"https:\\\/\\\/wp.kristdemokraterna.se\\\/ydre\\\/2016-03-30-nar-poliserna-kommer-gar-de-forbi\\\/#breadcrumb\",\"itemListElement\":[{\"@type\":\"ListItem\",\"position\":1,\"name\":\"Hem\",\"item\":\"https:\\\/\\\/wp.kristdemokraterna.se\\\/ydre\\\/\"},{\"@type\":\"ListItem\",\"position\":2,\"name\":\"2016-03-30 N\u00e4r poliserna kommer g\u00e5r de f\u00f6rbi\"}]},{\"@type\":\"WebSite\",\"@id\":\"https:\\\/\\\/wp.kristdemokraterna.se\\\/ydre\\\/#website\",\"url\":\"https:\\\/\\\/wp.kristdemokraterna.se\\\/ydre\\\/\",\"name\":\"Kristdemokraterna i Ydre\",\"description\":\"En till Kristdemokraterna webbplats\",\"inLanguage\":\"sv-SE\"}]}<\/script>\n<!-- \/ Yoast SEO plugin. -->","yoast_head_json":{"title":"2016-03-30 N\u00e4r poliserna kommer g\u00e5r de f\u00f6rbi - Kristdemokraterna i Ydre","robots":{"index":"index","follow":"follow","max-snippet":"max-snippet:-1","max-image-preview":"max-image-preview:large","max-video-preview":"max-video-preview:-1"},"canonical":"https:\/\/wp.kristdemokraterna.se\/ydre\/2016-03-30-nar-poliserna-kommer-gar-de-forbi\/","og_locale":"sv_SE","og_type":"article","og_title":"2016-03-30 N\u00e4r poliserna kommer g\u00e5r de f\u00f6rbi - Kristdemokraterna i Ydre","og_description":"&#8221;N\u00e4r poliserna kommer g\u00e5r de f\u00f6rbi de skadade.&#8221; Den bitr\u00e4dande rektorn p\u00e5minde de n\u00e4rvarande om de g\u00e4llande rutinerna vid en terrorattack mot ett fritidshem. Dessa rutiner hade redan best\u00e4mts innan en sv\u00e4rdbev\u00e4pnad man tog sig in p\u00e5 en skola i Trollh\u00e4ttan och d\u00f6dade och skadade flera personer innan han sk\u00f6ts ihj\u00e4l av poliser. Det \u00e4r L\u00e4s mer","og_url":"https:\/\/wp.kristdemokraterna.se\/ydre\/2016-03-30-nar-poliserna-kommer-gar-de-forbi\/","og_site_name":"Kristdemokraterna i Ydre","article_modified_time":"2018-07-20T14:05:13+00:00","og_image":[{"url":"http:\/\/ydrebo.se\/kd\/veckobrev2016\/fritidshem.JPG","type":"","width":"","height":""}],"twitter_card":"summary_large_image","twitter_misc":{"Ber\u00e4knad l\u00e4stid":"1 minut"},"schema":{"@context":"https:\/\/schema.org","@graph":[{"@type":"WebPage","@id":"https:\/\/wp.kristdemokraterna.se\/ydre\/2016-03-30-nar-poliserna-kommer-gar-de-forbi\/","url":"https:\/\/wp.kristdemokraterna.se\/ydre\/2016-03-30-nar-poliserna-kommer-gar-de-forbi\/","name":"2016-03-30 N\u00e4r poliserna kommer g\u00e5r de f\u00f6rbi - Kristdemokraterna i Ydre","isPartOf":{"@id":"https:\/\/wp.kristdemokraterna.se\/ydre\/#website"},"primaryImageOfPage":{"@id":"https:\/\/wp.kristdemokraterna.se\/ydre\/2016-03-30-nar-poliserna-kommer-gar-de-forbi\/#primaryimage"},"image":{"@id":"https:\/\/wp.kristdemokraterna.se\/ydre\/2016-03-30-nar-poliserna-kommer-gar-de-forbi\/#primaryimage"},"thumbnailUrl":"http:\/\/ydrebo.se\/kd\/veckobrev2016\/fritidshem.JPG","datePublished":"2018-07-20T14:04:16+00:00","dateModified":"2018-07-20T14:05:13+00:00","breadcrumb":{"@id":"https:\/\/wp.kristdemokraterna.se\/ydre\/2016-03-30-nar-poliserna-kommer-gar-de-forbi\/#breadcrumb"},"inLanguage":"sv-SE","potentialAction":[{"@type":"ReadAction","target":["https:\/\/wp.kristdemokraterna.se\/ydre\/2016-03-30-nar-poliserna-kommer-gar-de-forbi\/"]}]},{"@type":"ImageObject","inLanguage":"sv-SE","@id":"https:\/\/wp.kristdemokraterna.se\/ydre\/2016-03-30-nar-poliserna-kommer-gar-de-forbi\/#primaryimage","url":"http:\/\/ydrebo.se\/kd\/veckobrev2016\/fritidshem.JPG","contentUrl":"http:\/\/ydrebo.se\/kd\/veckobrev2016\/fritidshem.JPG"},{"@type":"BreadcrumbList","@id":"https:\/\/wp.kristdemokraterna.se\/ydre\/2016-03-30-nar-poliserna-kommer-gar-de-forbi\/#breadcrumb","itemListElement":[{"@type":"ListItem","position":1,"name":"Hem","item":"https:\/\/wp.kristdemokraterna.se\/ydre\/"},{"@type":"ListItem","position":2,"name":"2016-03-30 N\u00e4r poliserna kommer g\u00e5r de f\u00f6rbi"}]},{"@type":"WebSite","@id":"https:\/\/wp.kristdemokraterna.se\/ydre\/#website","url":"https:\/\/wp.kristdemokraterna.se\/ydre\/","name":"Kristdemokraterna i Ydre","description":"En till Kristdemokraterna webbplats","inLanguage":"sv-SE"}]}},"_links":{"self":[{"href":"https:\/\/wp.kristdemokraterna.se\/ydre\/wp-json\/wp\/v2\/pages\/958","targetHints":{"allow":["GET"]}}],"collection":[{"href":"https:\/\/wp.kristdemokraterna.se\/ydre\/wp-json\/wp\/v2\/pages"}],"about":[{"href":"https:\/\/wp.kristdemokraterna.se\/ydre\/wp-json\/wp\/v2\/types\/page"}],"author":[{"embeddable":true,"href":"https:\/\/wp.kristdemokraterna.se\/ydre\/wp-json\/wp\/v2\/users\/793"}],"replies":[{"embeddable":true,"href":"https:\/\/wp.kristdemokraterna.se\/ydre\/wp-json\/wp\/v2\/comments?post=958"}],"version-history":[{"count":3,"href":"https:\/\/wp.kristdemokraterna.se\/ydre\/wp-json\/wp\/v2\/pages\/958\/revisions"}],"predecessor-version":[{"id":961,"href":"https:\/\/wp.kristdemokraterna.se\/ydre\/wp-json\/wp\/v2\/pages\/958\/revisions\/961"}],"wp:attachment":[{"href":"https:\/\/wp.kristdemokraterna.se\/ydre\/wp-json\/wp\/v2\/media?parent=958"}],"curies":[{"name":"wp","href":"https:\/\/api.w.org\/{rel}","templated":true}]}}