{"id":983,"date":"2018-07-20T16:21:43","date_gmt":"2018-07-20T14:21:43","guid":{"rendered":"http:\/\/wp.kristdemokraterna.se\/ydre\/?page_id=983"},"modified":"2018-07-20T16:22:34","modified_gmt":"2018-07-20T14:22:34","slug":"2016-05-03-mayday","status":"publish","type":"page","link":"https:\/\/wp.kristdemokraterna.se\/ydre\/2016-05-03-mayday\/","title":{"rendered":"2016-05-03 Mayday!"},"content":{"rendered":"<p>N\u00f6danropet &#8221;mayday&#8221; \u00e4r egentligen den engelska beteckningen p\u00e5 f\u00f6rsta maj. Det var en dag f\u00f6r v\u00e5rfirande l\u00e5ngt innan det fanns politiska demonstrationer av modernt slag.<br \/>\nHos oss firar vi v\u00e5ren framf\u00f6r allt p\u00e5 valborgsm\u00e4ssoafton som ocks\u00e5 \u00e4r kungens f\u00f6delsedag. I \u00e5r fyllde han 70 \u00e5r och hyllades i Stockholm i det vackra v\u00e5rv\u00e4dret.<\/p>\n<p><img loading=\"lazy\" decoding=\"async\" src=\"http:\/\/ydrebo.se\/kd\/veckobrev2016\/osterbymo.JPG\" width=\"600\" height=\"461\" \/><br \/>\n<i>Ydre \u00e4r Sveriges tryggaste kommun. Men hur tryggt \u00e4r Sverige?<br \/>\n(Utsikt mot Nygatan i \u00d6sterbymo.)<\/p>\n<p><\/i>Knappt hade Livgardet marscherat i v\u00e4g fr\u00e5n Slottet med sina bj\u00f6rnskinnsm\u00f6ssor och ur\u00e5ldriga gev\u00e4r f\u00f6rr\u00e4n f\u00f6rsvarsmakten fick bekymmer. Det kommer att bli dyrt att p\u00e5 nytt ge Gotland n\u00e5got som p\u00e5minner om f\u00f6rsvar. Riksdagen har kommit fram till att Gotland beh\u00f6ver en ordentlig milit\u00e4r n\u00e4rvaro.<br \/>\nFinns det anledning att ropa\u00a0<i>Mayday<\/i>? Snart kommer riksdagen antagligen att fatta beslut om mer samarbete med NATO. Det kommer vi i s\u00e5 fall att g\u00f6ra trots hotelser fr\u00e5n Ryssland. I sj\u00e4lva verket \u00e4r det Rysslands agerande mot Sverige som f\u00e5tt n\u00e4stan alla riksdagspartier att reagera. F\u00f6r vi vill leva i fred och trygghet.<\/p>\n<p><i>Bengt Malm, ordf.<br \/>\n3 maj 2016<\/i><\/p>\n<p>P.S. N\u00e4r kommunstyrelsen sammantr\u00e4dde i g\u00e5r h\u00e4vdade en f\u00f6retr\u00e4dare f\u00f6r skolorna att alla skolbarn skall ha det lika bra &#8221;vare sig de kommer fr\u00e5n Ydre eller andra l\u00e4nder&#8230;&#8221;<\/p>\n","protected":false},"excerpt":{"rendered":"<p>N\u00f6danropet &#8221;mayday&#8221; \u00e4r egentligen den engelska beteckningen p\u00e5 f\u00f6rsta maj. Det var en dag f\u00f6r v\u00e5rfirande l\u00e5ngt innan det fanns politiska demonstrationer av modernt slag. Hos oss firar vi v\u00e5ren framf\u00f6r allt p\u00e5 valborgsm\u00e4ssoafton som ocks\u00e5 \u00e4r kungens f\u00f6delsedag. I \u00e5r fyllde han 70 \u00e5r och hyllades i Stockholm i det vackra v\u00e5rv\u00e4dret. Ydre \u00e4r <a class=\"read-more-link\" href=\"https:\/\/wp.kristdemokraterna.se\/ydre\/2016-05-03-mayday\/\">L\u00e4s mer<\/a><\/p>\n","protected":false},"author":793,"featured_media":0,"parent":0,"menu_order":0,"comment_status":"closed","ping_status":"closed","template":"","meta":{"_acf_changed":false,"footnotes":""},"class_list":["post-983","page","type-page","status-publish","hentry"],"acf":[],"yoast_head":"<!-- This site is optimized with the Yoast SEO plugin v27.5 - https:\/\/yoast.com\/product\/yoast-seo-wordpress\/ -->\n<title>2016-05-03 Mayday! - Kristdemokraterna i Ydre<\/title>\n<meta name=\"robots\" content=\"index, follow, max-snippet:-1, max-image-preview:large, max-video-preview:-1\" \/>\n<link rel=\"canonical\" href=\"https:\/\/wp.kristdemokraterna.se\/ydre\/2016-05-03-mayday\/\" \/>\n<meta property=\"og:locale\" content=\"sv_SE\" \/>\n<meta property=\"og:type\" content=\"article\" \/>\n<meta property=\"og:title\" content=\"2016-05-03 Mayday! - Kristdemokraterna i Ydre\" \/>\n<meta property=\"og:description\" content=\"N\u00f6danropet &#8221;mayday&#8221; \u00e4r egentligen den engelska beteckningen p\u00e5 f\u00f6rsta maj. Det var en dag f\u00f6r v\u00e5rfirande l\u00e5ngt innan det fanns politiska demonstrationer av modernt slag. Hos oss firar vi v\u00e5ren framf\u00f6r allt p\u00e5 valborgsm\u00e4ssoafton som ocks\u00e5 \u00e4r kungens f\u00f6delsedag. I \u00e5r fyllde han 70 \u00e5r och hyllades i Stockholm i det vackra v\u00e5rv\u00e4dret. Ydre \u00e4r L\u00e4s mer\" \/>\n<meta property=\"og:url\" content=\"https:\/\/wp.kristdemokraterna.se\/ydre\/2016-05-03-mayday\/\" \/>\n<meta property=\"og:site_name\" content=\"Kristdemokraterna i Ydre\" \/>\n<meta property=\"article:modified_time\" content=\"2018-07-20T14:22:34+00:00\" \/>\n<meta property=\"og:image\" content=\"http:\/\/ydrebo.se\/kd\/veckobrev2016\/osterbymo.JPG\" \/>\n<meta name=\"twitter:card\" content=\"summary_large_image\" \/>\n<meta name=\"twitter:label1\" content=\"Ber\u00e4knad l\u00e4stid\" \/>\n\t<meta name=\"twitter:data1\" content=\"1 minut\" \/>\n<script type=\"application\/ld+json\" class=\"yoast-schema-graph\">{\"@context\":\"https:\\\/\\\/schema.org\",\"@graph\":[{\"@type\":\"WebPage\",\"@id\":\"https:\\\/\\\/wp.kristdemokraterna.se\\\/ydre\\\/2016-05-03-mayday\\\/\",\"url\":\"https:\\\/\\\/wp.kristdemokraterna.se\\\/ydre\\\/2016-05-03-mayday\\\/\",\"name\":\"2016-05-03 Mayday! - Kristdemokraterna i Ydre\",\"isPartOf\":{\"@id\":\"https:\\\/\\\/wp.kristdemokraterna.se\\\/ydre\\\/#website\"},\"primaryImageOfPage\":{\"@id\":\"https:\\\/\\\/wp.kristdemokraterna.se\\\/ydre\\\/2016-05-03-mayday\\\/#primaryimage\"},\"image\":{\"@id\":\"https:\\\/\\\/wp.kristdemokraterna.se\\\/ydre\\\/2016-05-03-mayday\\\/#primaryimage\"},\"thumbnailUrl\":\"http:\\\/\\\/ydrebo.se\\\/kd\\\/veckobrev2016\\\/osterbymo.JPG\",\"datePublished\":\"2018-07-20T14:21:43+00:00\",\"dateModified\":\"2018-07-20T14:22:34+00:00\",\"breadcrumb\":{\"@id\":\"https:\\\/\\\/wp.kristdemokraterna.se\\\/ydre\\\/2016-05-03-mayday\\\/#breadcrumb\"},\"inLanguage\":\"sv-SE\",\"potentialAction\":[{\"@type\":\"ReadAction\",\"target\":[\"https:\\\/\\\/wp.kristdemokraterna.se\\\/ydre\\\/2016-05-03-mayday\\\/\"]}]},{\"@type\":\"ImageObject\",\"inLanguage\":\"sv-SE\",\"@id\":\"https:\\\/\\\/wp.kristdemokraterna.se\\\/ydre\\\/2016-05-03-mayday\\\/#primaryimage\",\"url\":\"http:\\\/\\\/ydrebo.se\\\/kd\\\/veckobrev2016\\\/osterbymo.JPG\",\"contentUrl\":\"http:\\\/\\\/ydrebo.se\\\/kd\\\/veckobrev2016\\\/osterbymo.JPG\"},{\"@type\":\"BreadcrumbList\",\"@id\":\"https:\\\/\\\/wp.kristdemokraterna.se\\\/ydre\\\/2016-05-03-mayday\\\/#breadcrumb\",\"itemListElement\":[{\"@type\":\"ListItem\",\"position\":1,\"name\":\"Hem\",\"item\":\"https:\\\/\\\/wp.kristdemokraterna.se\\\/ydre\\\/\"},{\"@type\":\"ListItem\",\"position\":2,\"name\":\"2016-05-03 Mayday!\"}]},{\"@type\":\"WebSite\",\"@id\":\"https:\\\/\\\/wp.kristdemokraterna.se\\\/ydre\\\/#website\",\"url\":\"https:\\\/\\\/wp.kristdemokraterna.se\\\/ydre\\\/\",\"name\":\"Kristdemokraterna i Ydre\",\"description\":\"En till Kristdemokraterna webbplats\",\"inLanguage\":\"sv-SE\"}]}<\/script>\n<!-- \/ Yoast SEO plugin. -->","yoast_head_json":{"title":"2016-05-03 Mayday! - Kristdemokraterna i Ydre","robots":{"index":"index","follow":"follow","max-snippet":"max-snippet:-1","max-image-preview":"max-image-preview:large","max-video-preview":"max-video-preview:-1"},"canonical":"https:\/\/wp.kristdemokraterna.se\/ydre\/2016-05-03-mayday\/","og_locale":"sv_SE","og_type":"article","og_title":"2016-05-03 Mayday! - Kristdemokraterna i Ydre","og_description":"N\u00f6danropet &#8221;mayday&#8221; \u00e4r egentligen den engelska beteckningen p\u00e5 f\u00f6rsta maj. Det var en dag f\u00f6r v\u00e5rfirande l\u00e5ngt innan det fanns politiska demonstrationer av modernt slag. Hos oss firar vi v\u00e5ren framf\u00f6r allt p\u00e5 valborgsm\u00e4ssoafton som ocks\u00e5 \u00e4r kungens f\u00f6delsedag. I \u00e5r fyllde han 70 \u00e5r och hyllades i Stockholm i det vackra v\u00e5rv\u00e4dret. Ydre \u00e4r L\u00e4s mer","og_url":"https:\/\/wp.kristdemokraterna.se\/ydre\/2016-05-03-mayday\/","og_site_name":"Kristdemokraterna i Ydre","article_modified_time":"2018-07-20T14:22:34+00:00","og_image":[{"url":"http:\/\/ydrebo.se\/kd\/veckobrev2016\/osterbymo.JPG","type":"","width":"","height":""}],"twitter_card":"summary_large_image","twitter_misc":{"Ber\u00e4knad l\u00e4stid":"1 minut"},"schema":{"@context":"https:\/\/schema.org","@graph":[{"@type":"WebPage","@id":"https:\/\/wp.kristdemokraterna.se\/ydre\/2016-05-03-mayday\/","url":"https:\/\/wp.kristdemokraterna.se\/ydre\/2016-05-03-mayday\/","name":"2016-05-03 Mayday! - Kristdemokraterna i Ydre","isPartOf":{"@id":"https:\/\/wp.kristdemokraterna.se\/ydre\/#website"},"primaryImageOfPage":{"@id":"https:\/\/wp.kristdemokraterna.se\/ydre\/2016-05-03-mayday\/#primaryimage"},"image":{"@id":"https:\/\/wp.kristdemokraterna.se\/ydre\/2016-05-03-mayday\/#primaryimage"},"thumbnailUrl":"http:\/\/ydrebo.se\/kd\/veckobrev2016\/osterbymo.JPG","datePublished":"2018-07-20T14:21:43+00:00","dateModified":"2018-07-20T14:22:34+00:00","breadcrumb":{"@id":"https:\/\/wp.kristdemokraterna.se\/ydre\/2016-05-03-mayday\/#breadcrumb"},"inLanguage":"sv-SE","potentialAction":[{"@type":"ReadAction","target":["https:\/\/wp.kristdemokraterna.se\/ydre\/2016-05-03-mayday\/"]}]},{"@type":"ImageObject","inLanguage":"sv-SE","@id":"https:\/\/wp.kristdemokraterna.se\/ydre\/2016-05-03-mayday\/#primaryimage","url":"http:\/\/ydrebo.se\/kd\/veckobrev2016\/osterbymo.JPG","contentUrl":"http:\/\/ydrebo.se\/kd\/veckobrev2016\/osterbymo.JPG"},{"@type":"BreadcrumbList","@id":"https:\/\/wp.kristdemokraterna.se\/ydre\/2016-05-03-mayday\/#breadcrumb","itemListElement":[{"@type":"ListItem","position":1,"name":"Hem","item":"https:\/\/wp.kristdemokraterna.se\/ydre\/"},{"@type":"ListItem","position":2,"name":"2016-05-03 Mayday!"}]},{"@type":"WebSite","@id":"https:\/\/wp.kristdemokraterna.se\/ydre\/#website","url":"https:\/\/wp.kristdemokraterna.se\/ydre\/","name":"Kristdemokraterna i Ydre","description":"En till Kristdemokraterna webbplats","inLanguage":"sv-SE"}]}},"_links":{"self":[{"href":"https:\/\/wp.kristdemokraterna.se\/ydre\/wp-json\/wp\/v2\/pages\/983","targetHints":{"allow":["GET"]}}],"collection":[{"href":"https:\/\/wp.kristdemokraterna.se\/ydre\/wp-json\/wp\/v2\/pages"}],"about":[{"href":"https:\/\/wp.kristdemokraterna.se\/ydre\/wp-json\/wp\/v2\/types\/page"}],"author":[{"embeddable":true,"href":"https:\/\/wp.kristdemokraterna.se\/ydre\/wp-json\/wp\/v2\/users\/793"}],"replies":[{"embeddable":true,"href":"https:\/\/wp.kristdemokraterna.se\/ydre\/wp-json\/wp\/v2\/comments?post=983"}],"version-history":[{"count":2,"href":"https:\/\/wp.kristdemokraterna.se\/ydre\/wp-json\/wp\/v2\/pages\/983\/revisions"}],"predecessor-version":[{"id":985,"href":"https:\/\/wp.kristdemokraterna.se\/ydre\/wp-json\/wp\/v2\/pages\/983\/revisions\/985"}],"wp:attachment":[{"href":"https:\/\/wp.kristdemokraterna.se\/ydre\/wp-json\/wp\/v2\/media?parent=983"}],"curies":[{"name":"wp","href":"https:\/\/api.w.org\/{rel}","templated":true}]}}